) = 1. Let k(g) = -o(g) + z(g). Let s be (-4)/(-18) + (-2)/9. Is k(s) composite?
False
Suppose 0*v + v + 12 = 0. Is ((-11)/(-2)*v)/(-2) a prime number?
False
Let n(q) = -4*q. Let l be n(-1). Let g = -2 + l. Suppose 0 = -a + g + 12. Is a prime?
False
Let t(n) = n + 5. Let o be t(-3). Suppose -h - 10 = -o. Is h/12*1*-15 a prime number?
False
Suppose -96 - 2348 = -4*d. Is d composite?
True
Let q be (-149)/(-3) + (-4)/6. Suppose -2*o + q = x, 2*o + 184 + 121 = 5*x. Is x prime?
True
Let r(z) = -z**3 + 9*z**2 + 6*z - 1. Is r(6) a composite number?
True
Suppose 312 = 4*p - 4*z, 5*p + 4*z - 354 = -0*z. Is p a prime number?
False
Suppose -833 = -b + 702. Is b a prime number?
False
Let q = -27 + 148. Is q composite?
True
Let b be 244/3*(-6)/(-4). Suppose -4*u - 30 = -b. Is u composite?
False
Suppose -17 + 5 = -4*j. Suppose 7*n - 596 = j*n. Is n composite?
False
Suppose 4*k - 17 - 731 = 0. Suppose -4*a = -k - 177. Is a prime?
False
Is (-2)/(-4)*(2405 - -21)*1 a composite number?
False
Let r = 1449 - 1002. Is r prime?
False
Suppose 0 = -0*r - 5*r. Suppose -x + 13 = x + 5*a, r = 4*x + 5*a - 11. Is 0 - -1 - (x - 1) a prime number?
True
Suppose -5*o + 3853 = h, 0*o + o - 779 = 4*h. Is o prime?
False
Suppose -6*m = -2*m - 2*v - 128, m = -3*v + 32. Suppose d = 1, -4*d - m = -b - 2*d. Is b a composite number?
True
Suppose -4*h + h + 42 = 0. Suppose -h = -d + 16. Let n = d + 3. Is n a prime number?
False
Suppose 0 = 6*w - 4*w - 34. Suppose w = k - 2*r - 28, 3*k - 2*r = 123. Is k prime?
False
Let m(l) = -6*l + 2. Let b be m(-8). Suppose -3*u = -5*u + b. Is u prime?
False
Let h be (-1092)/30*(-1 - 4). Let j = 268 - h. Is j composite?
True
Let p(f) be the second derivative of -f**5/20 + f**4/4 + f**3 - 3*f**2/2 - 3*f. Let b be p(4). Suppose b*m = 578 + 127. Is m a prime number?
False
Is (-5)/(-2)*5112/90 a composite number?
True
Let u = -215 - -363. Suppose z + 21 = u. Is z a prime number?
True
Let z = 1130 - -671. Is z a composite number?
False
Let w = 6 - 10. Let p = 35 + w. Is p composite?
False
Let t = 13 + -9. Suppose 1023 = t*r + 131. Is r prime?
True
Suppose 3*z + q = -4 + 6, 0 = -5*z - 3*q + 6. Suppose -4*h - 4*j = -5*h - 21, 3*h + 5*j = 22. Is (-7)/(z + h/7) composite?
True
Let d(z) = z**3 + 11*z**2 - 7*z + 9. Let i be d(-7). Is (i/(-6))/((-2)/6) composite?
False
Let q(l) = -17*l**3 - l**2 + l + 1. Is q(-2) composite?
False
Let r = -1594 + 2343. Is r composite?
True
Let m(w) = 2*w**2 - w + 1. Let r = 2 - -1. Suppose -10 = 2*t - 0*t, -4*x - r*t = 31. Is m(x) prime?
True
Let k be 10/4*(458 + -4). Let r = k + -248. Is r a composite number?
False
Is 0 - ((-71144)/20 + (-1)/(-5)) a composite number?
False
Let q(k) = -2*k**2 + k**3 - 5*k**2 + 2*k**2 + 5*k - 4. Is q(5) a composite number?
True
Let n = 4 - 3. Let p = 4 - n. Suppose -p = q + 2*q, 5*i + 5*q = 90. Is i prime?
True
Let g(u) = u + 7 + 5*u - 3*u + 3*u. Is g(5) a composite number?
False
Let o(j) = -j**3 + 5*j**2 - 2*j - 4. Let l be o(3). Let r(t) = 6 - 4 + 1 + t. Is r(l) a prime number?
True
Suppose -3*f + 19 + 164 = 0. Let h = f + -8. Is h a prime number?
True
Let j(c) = c**2 - 2*c - 13. Is j(7) prime?
False
Suppose 0 = 2*b - 1756 - 1714. Is b a composite number?
True
Let l = -123 + 344. Is l prime?
False
Suppose -5*z - 17 = -4*w, w - z = -0 + 4. Suppose -5*f + w*c = -0*f - 13, 11 = 3*f - 5*c. Let i(b) = 3*b**3 - 2*b**2 + b + 1. Is i(f) prime?
True
Let d(h) = 73*h - 4. Let z be 4/(-6)*27/(-6). Is d(z) a prime number?
False
Let u(j) = -4*j**3 - 4*j**2 + 4*j + 5. Is u(-6) a composite number?
False
Let l = -18 - -6. Let f = 26 - l. Suppose -152 = -2*u - f. Is u composite?
True
Let k = 12 - 4. Let q be (12/k)/(3/4). Suppose 5*s - 3*o - 225 = q*o, -3*o = -s + 49. Is s a composite number?
False
Suppose -2187 = -4*b - 5*b. Let u(z) = 29*z + 8. Let q be u(-6). Let h = b + q. Is h a composite number?
True
Is (-2)/4 + 611/26 prime?
True
Let t(f) = -f**3 - 2*f**2 + f. Let c be t(-3). Is c/9*-3 - -35 a composite number?
True
Suppose -y - 2*y + 243 = 0. Suppose 3*b = -3, 3*h + 5*b - 430 = -y. Is h prime?
False
Let o = -1 + 1. Let x(a) = -a**3 - 5*a**2 + 13*a + 19. Let q be x(-9). Suppose o = 5*i - 3*i - q. Is i composite?
False
Suppose -3*c - 4*m + 759 = 0, 2*m = c - m - 253. Is c composite?
True
Let i(v) = -7*v + 11. Is i(-6) prime?
True
Let w = -7 - -8. Let u = w + -2. Is -47*(u + 3)/(-2) a prime number?
True
Suppose 2*u = 5*s - 28, 2*u = 3*s + 7*u + 8. Suppose s*x - t - 167 = 141, -5*t = -3*x + 231. Is x a prime number?
False
Let o = -999 - -1553. Is o composite?
True
Let x = 1357 - 536. Is x composite?
False
Let v = 382 - 165. Let p(d) = -d - 2. Let j be p(-3). Is j*v*1 - 0 a prime number?
False
Let i(p) = 3*p - 4*p + 4 + 2. Let d be i(6). Suppose f = -d*f + 37. Is f a composite number?
False
Let l = 8 + -3. Suppose 0 = -l*y - a + 1390 + 595, -3*y = 2*a - 1191. Let s = y + -234. Is s prime?
True
Let o(r) = 27*r + 7. Is o(4) prime?
False
Let k = 9 - 7. Suppose 0 = -k*f + 5*f - 237. Is f a composite number?
False
Suppose 213 + 2671 = 4*l. Is l a prime number?
False
Let x(r) = r - 18. Let u be x(6). Let c(d) be the third derivative of -d**6/120 - 11*d**5/60 - d**4/24 - 7*d**3/6 + 2*d**2. Is c(u) prime?
True
Let v = -1245 + 1936. Is v prime?
True
Let p = 3 + -5. Let o be p + (2 - (-6 - -2)). Suppose 0 = -o*x + 61 + 15. Is x a prime number?
True
Is -6 - ((-3430)/(-2))/(-5) composite?
False
Let r(a) = a**3 - 10*a**2 + 2*a. Let z(k) = k**3 - 9*k**2 + k. Let l(t) = 4*r(t) - 5*z(t). Is l(5) prime?
False
Let v(a) = -80*a - 3. Is v(-5) a prime number?
True
Let w(g) = 2*g - 13. Suppose -5*q + 45 = 5*l, -3 = -4*l + 1. Is w(q) a composite number?
False
Let h be 52/14 - (-2)/7. Suppose g - h = -1. Suppose 4*d = g*d + 37. Is d prime?
True
Let a = 20 + -8. Suppose -7*q + 2*q = -455. Let w = q - a. Is w composite?
False
Suppose 3*b - 4*o - 215 = 0, 3*o + 42 + 100 = 2*b. Is b composite?
True
Let r(t) = -t - 5. Let d be r(-5). Suppose d + 2 = 2*c. Is 11 - (-1 - c*-3) composite?
True
Let t = 2 + -1. Let x be t/((-1)/2)*-1. Is (x - (-4)/(-2)) + 79 a prime number?
True
Let x(d) = d**2 + 5*d - 2. Let n be x(-5). Let a(w) = -17*w**3 + w. Let b be a(-1). Is n/8 + 116/b a composite number?
False
Let t(g) = -7*g**3 - 2*g**2 + 1. Suppose 0 = v + 4*n - 15 + 7, -3*v - 5*n + 10 = 0. Let c = v + -1. Is t(c) a composite number?
True
Suppose 5*o + k - 28 - 569 = 0, -482 = -4*o - 3*k. Let b = 278 - o. Is b a composite number?
True
Suppose -3 = 2*p - 11. Let d be -5*(-1)/5*3. Is d/(-6)*p*-1 composite?
False
Suppose -h + 633 = 2*h. Is h a prime number?
True
Let q(f) = f**3 + 5*f**2 + 5. Let z be q(-5). Suppose 3*s = z*s - 4*o - 82, -s - 3*o + 31 = 0. Is s prime?
True
Let s = -5 + 5. Suppose -4*k + s*m + 152 = 5*m, 3*k + 2*m = 107. Is k a composite number?
True
Let u = 1372 + -11. Is u prime?
True
Let i(m) = 23*m - 5. Let g(y) = y - 4. Let r be g(4). Let u = 6 - r. Is i(u) composite?
True
Let b be -1 + (-1)/(2/(-38)). Suppose 4*k + 3*f + 30 + 5 = 0, 5*k + 5*f + 40 = 0. Let g = b + k. Is g composite?
False
Suppose 0*g - 82 = -g. Is g a prime number?
False
Let x(s) = s**3 - s**2 - 1. Let n be x(2). Let g = 2 - n. Let l = 4 + g. Is l a prime number?
True
Let p be 3/15 + 14/5. Let h = 10 - p. Is h prime?
True
Let t(i) = 10*i - 4. Let z be t(4). Suppose z = 5*b - 3*c, 3*c = 3*b - 4*b. Is b prime?
False
Suppose -3*p + 5*x + 75 = -6*p, 0 = 5*p + 4*x + 125. Let a = 11 + p. Let r = a - -36. Is r composite?
True
Let j(u) be the first derivative of 6*u**3 - u**2 + 7*u + 4. Is j(4) prime?
False
Let j(v) = -v**3 - 10*v**2 - 14*v - 8. Is j(-9) a prime number?
True
Let w(z) = -z**2. Let p(v) = v**3 + 7*v**2 + 2. Let u(j) = p(j) + 3*w(j). Is u(-3) a prime number?
True
Suppose -r - 2*r + 333 = 3*t, 2*r - 210 = -5*t. Suppose -10 = 3*h - r. Let b = 84 - h. Is b composite?
True
Suppose -s - 21 = -4*q, -2*q - q + 22 = -2*s. Suppose 250 = 5*a + d, 0 = d - 1 - q. Is a prime?
False
Let i(k) = 5*k**2 - 5*k + 3. Let m(l) = -5*l**2 + 5*l - 2. Let x(a) = 4*i(a) + 5*m(a). Let f(y) be the first derivative of x(y). Is f(-5) composite?
True
Suppose -5159 = -5*c - 2*c. Is c composite?
True
Suppose -1951 = 9*x - 96406. Is x prime?
False
Suppose 2*j - 2*z = 1404, 4*j + 3*z - 2961 = -146. Is j prime?
False
Let j be (7/(-21))/(2/654). Let p = -56 - j. Is p composite?
False
Let f = 